{"id":296,"date":"2025-12-18T13:42:26","date_gmt":"2025-12-18T13:42:26","guid":{"rendered":"https:\/\/autoservice-wien.com\/?page_id=296"},"modified":"2025-12-18T13:42:29","modified_gmt":"2025-12-18T13:42:29","slug":"impressum","status":"publish","type":"page","link":"https:\/\/autoservice-wien.com\/?page_id=296","title":{"rendered":"Impressum"},"content":{"rendered":"\n<p><strong>Impressum Gold Car<\/strong><\/p>\n\n\n\n<p>Informationspflicht laut \u00a75 E-Commerce Gesetz, \u00a714 Unternehmensgesetzbuch, \u00a763 Gewerbeordnung und Offenlegungspflicht laut \u00a725 Mediengesetz.<\/p>\n\n\n\n<p>B&amp;A Design GmbH<br>Leberstra\u00dfe 118A,\u00a0<br>1110 Wien,<br>\u00d6sterreich<\/p>\n\n\n\n<p>UID-Nummer: ATU80185746<br>Firmenbuchnummer FN 614234 k<br>Steuernummer: 03 757\/7236<br>Firmenbuchgericht: Handelsgericht Wien<\/p>\n\n\n\n<p>Rechtsform: Gesellschaft mit beschr\u00e4nkter Haftung<\/p>\n\n\n\n<p>info@badesign.at<br><a href=\"http:\/\/www.badesign.at\">www.badesign.at<\/a><\/p>\n\n\n\n<p><\/p>\n\n\n\n<p>Gesch\u00e4ftsf\u00fchrung: Serhii Korobkin<\/p>\n\n\n\n<p><\/p>\n\n\n\n<h2 class=\"wp-block-heading\"><strong>Verbraucherstreitbeilegung<\/strong><\/h2>\n\n\n\n<p>Wir sind nicht bereit oder verpflichtet, an Streitbeilegungsverfahren vor einer Verbraucherschlichtungsstelle teilzunehmen.<\/p>\n\n\n\n<h2 class=\"wp-block-heading\"><strong>Haftungsausschluss<\/strong><\/h2>\n\n\n\n<p>Trotz sorgf\u00e4ltiger inhaltlicher Kontrolle \u00fcbernehmen wir keine Haftung f\u00fcr die Inhalte externer Links. F\u00fcr den Inhalt der verlinkten Seiten sind ausschlie\u00dflich deren Betreiber verantwortlich.<\/p>\n\n\n\n<p>Die Inhalte unserer Seiten wurden mit gr\u00f6\u00dfter Sorgfalt erstellt. F\u00fcr die Richtigkeit, Vollst\u00e4ndigkeit und Aktualit\u00e4t der Inhalte k\u00f6nnen wir jedoch keine Gew\u00e4hr \u00fcbernehmen.<\/p>\n\n\n\n<h2 class=\"wp-block-heading\"><strong>Urheberrecht<\/strong><\/h2>\n\n\n\n<p>Die durch die Seitenbetreiber erstellten Inhalte und Werke auf diesen Seiten unterliegen dem \u00f6sterreichischen Urheberrecht. Beitr\u00e4ge Dritter sind als solche gekennzeichnet. Die Vervielf\u00e4ltigung, Bearbeitung, Verbreitung und jede Art der Verwertung au\u00dferhalb der Grenzen des Urheberrechtes bed\u00fcrfen der schriftlichen Zustimmung des jeweiligen Autors bzw. Erstellers.<\/p>\n\n\n\n<p>Diese Website kann Links zu anderen Websites umfassen, auf deren Inhalt die Betreiber dieser Website keinen Einfluss haben. Somit k\u00f6nnen sie auch nicht f\u00fcr den Inhalt der betreffenden Websites haftbar gemacht werden. Die Betreiber dieser Website stellen diese Links nur aus Gr\u00fcnden der Benutzerfreundlichkeit zur Verf\u00fcgung, und die Aufnahme solcher Links in ihre Websites bedeutet nicht automatisch, dass die Betreiber dieser Website den Inhalt der betreffenden Websites guthei\u00dfen. Die Betreiber dieser Website behalten sich das Recht vor, die Informationen auf der Website jederzeit und ohne Vorank\u00fcndigung abzu\u00e4ndern bzw. zu aktualisieren.<\/p>\n","protected":false},"excerpt":{"rendered":"<p>Impressum Gold Car Informationspflicht laut \u00a75 E-Commerce Gesetz, \u00a714 Unternehmensgesetzbuch, \u00a763 Gewerbeordnung und Offenlegungspflicht laut \u00a725 Mediengesetz. B&amp;A Design GmbHLeberstra\u00dfe 118A,\u00a01110 Wien,\u00d6sterreich UID-Nummer: ATU80185746Firmenbuchnummer FN 614234 kSteuernummer: 03 757\/7236Firmenbuchgericht: Handelsgericht Wien Rechtsform: Gesellschaft mit beschr\u00e4nkter Haftung info@badesign.atwww.badesign.at Gesch\u00e4ftsf\u00fchrung: Serhii Korobkin Verbraucherstreitbeilegung Wir sind nicht bereit oder verpflichtet, an Streitbeilegungsverfahren vor einer Verbraucherschlichtungsstelle teilzunehmen. Haftungsausschluss Trotz [&hellip;]<\/p>\n","protected":false},"author":1,"featured_media":0,"parent":0,"menu_order":0,"comment_status":"closed","ping_status":"closed","template":"","meta":{"_glsr_average":0,"_glsr_ranking":0,"_glsr_reviews":0,"footnotes":""},"class_list":["post-296","page","type-page","status-publish","hentry"],"_links":{"self":[{"href":"https:\/\/autoservice-wien.com\/index.php?rest_route=\/wp\/v2\/pages\/296","targetHints":{"allow":["GET"]}}],"collection":[{"href":"https:\/\/autoservice-wien.com\/index.php?rest_route=\/wp\/v2\/pages"}],"about":[{"href":"https:\/\/autoservice-wien.com\/index.php?rest_route=\/wp\/v2\/types\/page"}],"author":[{"embeddable":true,"href":"https:\/\/autoservice-wien.com\/index.php?rest_route=\/wp\/v2\/users\/1"}],"replies":[{"embeddable":true,"href":"https:\/\/autoservice-wien.com\/index.php?rest_route=%2Fwp%2Fv2%2Fcomments&post=296"}],"version-history":[{"count":1,"href":"https:\/\/autoservice-wien.com\/index.php?rest_route=\/wp\/v2\/pages\/296\/revisions"}],"predecessor-version":[{"id":297,"href":"https:\/\/autoservice-wien.com\/index.php?rest_route=\/wp\/v2\/pages\/296\/revisions\/297"}],"wp:attachment":[{"href":"https:\/\/autoservice-wien.com\/index.php?rest_route=%2Fwp%2Fv2%2Fmedia&parent=296"}],"curies":[{"name":"wp","href":"https:\/\/api.w.org\/{rel}","templated":true}]}}